ctors of 1529?
11, 139
What are the prime factors of 2349?
3, 29
What are the prime factors of 1991?
11, 181
List the prime factors of 64746.
2, 3, 11, 109
List the prime factors of 53.
53
What are the prime factors of 2886?
2, 3, 13, 37
List the prime factors of 9598.
2, 4799
List the prime factors of 13209.
3, 7, 17, 37
List the prime factors of 1772.
2, 443
List the prime factors of 2891.
7, 59
List the prime factors of 6267.
3, 2089
List the prime factors of 6411.
3, 2137
List the prime factors of 1521.
3, 13
List the prime factors of 77461.
71, 1091
List the prime factors of 11399.
11399
List the prime factors of 56166.
2, 3, 11, 23, 37
List the prime factors of 7633.
17, 449
List the prime factors of 6912.
2, 3
List the prime factors of 22162.
2, 7, 1583
List the prime factors of 41130.
2, 3, 5, 457
What are the prime factors of 11991?
3, 7, 571
What are the prime factors of 3615?
3, 5, 241
List the prime factors of 872.
2, 109
List the prime factors of 127476.
2, 3, 3541
What are the prime factors of 105618?
2, 3, 29, 607
List the prime factors of 173558.
2, 7, 11, 23
List the prime factors of 131.
131
List the prime factors of 491.
491
List the prime factors of 75666.
2, 3, 12611
What are the prime factors of 1038?
2, 3, 173
List the prime factors of 10839.
3, 3613
What are the prime factors of 832?
2, 13
What are the prime factors of 3798?
2, 3, 211
List the prime factors of 90653.
269, 337
List the prime factors of 20045.
5, 19, 211
What are the prime factors of 368?
2, 23
List the prime factors of 11037.
3, 13, 283
List the prime factors of 2378.
2, 29, 41
What are the prime factors of 17931?
3, 43, 139
List the prime factors of 8180.
2, 5, 409
List the prime factors of 1225.
5, 7
What are the prime factors of 37689?
3, 17, 739
What are the prime factors of 16283?
19, 857
What are the prime factors of 895?
5, 179
What are the prime factors of 71489?
11, 67, 97
What are the prime factors of 12739?
12739
List the prime factors of 1714.
2, 857
List the prime factors of 1833.
3, 13, 47
List the prime factors of 2353.
13, 181
List the prime factors of 5714.
2, 2857
List the prime factors of 4039.
7, 577
List the prime factors of 8105.
5, 1621
What are the prime factors of 43620?
2, 3, 5, 727
What are the prime factors of 14747?
14747
What are the prime factors of 9245?
5, 43
List the prime factors of 4048.
2, 11, 23
List the prime factors of 19290.
2, 3, 5, 643
What are the prime factors of 10358?
2, 5179
What are the prime factors of 1264?
2, 79
List the prime factors of 19765.
5, 59, 67
What are the prime factors of 10358?
2, 5179
What are the prime factors of 27502?
2, 13751
List the prime factors of 9509.
37, 257
List the prime factors of 93183.
3, 89, 349
What are the prime factors of 2199?
3, 733
What are the prime factors of 1120?
2, 5, 7
What are the prime factors of 748?
2, 11, 17
List the prime factors of 7062.
2, 3, 11, 107
List the prime factors of 13433.
7, 19, 101
List the prime factors of 33548.
2, 8387
List the prime factors of 8016.
2, 3, 167
What are the prime factors of 2474?
2, 1237
What are the prime factors of 449?
449
What are the prime factors of 7609?
7, 1087
List the prime factors of 43527.
3, 11, 1319
What are the prime factors of 29382?
2, 3, 59, 83
What are the prime factors of 14102?
2, 11, 641
List the prime factors of 24644.
2, 61, 101
What are the prime factors of 5039?
5039
What are the prime factors of 7947?
3, 883
List the prime factors of 1247.
29, 43
List the prime factors of 62904.
2, 3, 2621
List the prime factors of 1614.
2, 3, 269
List the prime factors of 3840.
2, 3, 5
What are the prime factors of 3823?
3823
List the prime factors of 5051.
5051
What are the prime factors of 58602?
2, 3, 9767
What are the prime factors of 571?
571
What are the prime factors of 559?
13, 43
List the prime factors of 3692.
2, 13, 71
List the prime factors of 584.
2, 73
List the prime factors of 640.
2, 5
What are the prime factors of 7387?
83, 89
List the prime factors of 46215.
3, 5, 13, 79
What are the prime factors of 101556?
2, 3, 7, 13, 31
List the prime factors of 21666.
2, 3, 23, 157
What are the prime factors of 13429?
13, 1033
List the prime factors of 1504.
2, 47
What are the prime factors of 1742?
2, 13, 67
What are the prime factors of 130?
2, 5, 13
What are the prime factors of 8394?
2, 3, 1399
What are the prime factors of 32147?
17, 31, 61
List the prime factors of 13032.
2, 3, 181
List the prime factors of 324.
2, 3
List the prime factors of 1110.
2, 3, 5, 37
List the prime factors of 9037.
7, 1291
List the prime factors of 4914.
2, 3, 7, 13
List the prime factors of 2894.
2, 1447
List the prime factors of 79766.
2, 39883
What are the prime factors of 23834?
2, 17, 701
List the prime factors of 93483.
3, 13, 17, 47
List the prime factors of 27363.
3, 7, 1303
What are the prime factors of 3778?
2, 1889
What are the prime factors of 474?
2, 3, 79
What are the prime factors of 26955?
3, 5, 599
What are the prime factors of 3084?
2, 3, 257
List the prime factors of 268.
2, 67
What are the prime factors of 1098?
2, 3, 61
List the prime factors of 2531.
2531
List the prime factors of 675.
3, 5
List the prime factors of 6398.
2, 7, 457
List the prime factors of 29204.
2, 7, 149
What are the prime factors of 17988?
2, 3, 1499
List the prime factors of 43467.
3, 14489
List the prime factors of 3723.
3, 17, 73
What are the prime factors of 644?
2, 7, 23
What are the prime factors of 29480?
2, 5, 11, 67
List the prime factors of 7986.
2, 3, 11
List the prime factors of 9.
3
List the prime factors of 436.
2, 109
What are the prime factors of 28432?
2, 1777
What are the prime factors of 8076?
2, 3, 673
What are the prime factors of 12059?
31, 389
What are the prime factors of 2365?
5, 11, 43
What are the prime factors of 235?
5, 47
List the prime factors of 514.
2, 257
What are the prime factors of 822?
2, 3, 137
List the prime factors of 3610.
2, 5, 19
What are the prime factors of 866?
2, 433
List the prime factors of 21458.
2, 10729
What are the prime factors of 4289?
4289
What are the prime factors of 6322?
2, 29, 109
What are the prime factors of 37118?
2, 67, 277
What are the prime factors of 7292?
2, 1823
List the prime factors of 3000.
2, 3, 5
List the prime factors of 1958.
2, 11, 89
List the prime factors of 119.
7, 17
List the prime factors of 2983.
19, 157
What are the prime factors of 13860?
2, 3, 5, 7, 11
What are the prime factors of 13194?
2, 3, 733
What are the prime factors of 1944?
2, 3
List the prime factors of 223.
223
What are the prime factors of 39522?
2, 3, 7, 941
What are the prime factors of 17320?
2, 5, 433
List the prime factors of 822.
2, 3, 137
What are the prime factors of 5209?
5209
What are the prime factors of 22085?
5, 7, 631
What are the prime factors of 636?
2, 3, 53
List the prime factors of 851.
23, 37
What are the prime factors of 149?
149
What are the prime factors of 4804?
2, 1201
What are the prime factors of 2498?
2, 1249
List the prime factors of 12481.
7, 1783
List the prime factors of 3084.
2, 3, 257
List the prime factors of 6222.
2, 3, 17, 61
What are the prime factors of 279?
3, 31
List the prime factors of 37495.
5, 7499
What are the prime factors of 14628?
2, 3, 23, 53
What are the prime factors of 793?
13, 61
List the prime factors of 18858.
2, 3, 7, 449
What are the prime factors of 222?
2, 3, 37
List the prime factors of 1569.
3, 523
List the prime factors of 12538.
2, 6269
List the prime factors of 14656.
2, 229
What are the prime factors of 134492?
2, 33623
List the prime factors of 1913.
1913
List the prime factors of 8914.
2, 4457
What are the prime factors of 761?
761
List the prime factors of 47747.
7, 19, 359
What are the prime factors of 5844?
2, 3, 487
List the prime factors of 12392.
2, 1549
List the prime factors of 20695.
5, 4139
List the prime factors of 6610.
2, 5, 661
List the prime factors of 806.
2, 13, 31
What are the prime factors of 149470?
2, 5, 14947
What are the prime factors of 14262?
2, 3, 2377
List the prime factors of 28848.
2, 3, 601
What are the prime factors of 49771?
71, 701
List the prime factors of 167.
167
What are the prime factors of 25174?
2, 41, 307
List the prime factors of 938.
2, 7, 67
What are the prime factors